1010101
Convert 101111000000010001010 (base 2) to base 16.
17808a
What is 245a4 (base 11) in base 3?
1210110100
Convert -1760431 (base 8) to base 16.
-7e119
222528 (base 9) to base 6
2504125
Convert 1001001101110111111111110 (base 2) to base 11.
aa021a9
135db7 (base 16) to base 7
13534135
What is -142231344 (base 5) in base 15?
-ea0ee
Convert baa72 (base 16) to base 14.
15c894
Convert 2703806 (base 9) to base 6.
51411310
Convert -242443 (base 12) to base 10.
-584691
233313 (base 5) to base 7
34011
Convert -113a0 (base 16) to base 12.
-34a00
What is 2473d (base 14) in base 5?
10323420
Convert 149954 (base 11) to base 6.
4553302
Convert 6a706a (base 12) to base 3.
10020000011001
Convert -163113021 (base 7) to base 11.
-6288013
What is 111221122022 (base 3) in base 14?
720c3
Convert 200143 (base 8) to base 11.
45349
22314431 (base 5) to base 16
305e4
What is a3910a (base 11) in base 4?
12112313233
What is -680770 (base 11) in base 12?
-443632
What is -211000000120 (base 3) in base 10?
-433041
-102134 (base 5) to base 14
-1363
What is -31222321 (base 5) in base 12?
-105264
-659b45 (base 13) to base 7
-26222332
Convert -10002011222110 (base 3) to base 12.
-66b633
475018 (base 10) to base 2
1110011111110001010
-240330131 (base 5) to base 6
-35403533
Convert -100010111001110110001100 (base 2) to base 4.
-202321312030
Convert 14cd0 (base 14) to base 16.
cad6
Convert 1023234002 (base 5) to base 11.
1249560
Convert 122112301132 (base 4) to base 16.
696c5e
22405426 (base 7) to base 8
7343467
Convert -91d109 (base 15) to base 6.
-404303113
1006 (base 9) to base 13
447
12031114 (base 5) to base 16
1b331
Convert -1010111101010010000000 (base 2) to base 10.
-2872448
-3bfe76 (base 16) to base 12
-13973b2
-22115544 (base 7) to base 14
-377a24
755 (base 15) to base 6
11355
366464 (base 8) to base 11
86952
What is -72481 (base 9) in base 12?
-2379a
Convert -220466 (base 10) to base 13.
-7946c
-d6ff7 (base 16) to base 3
-1122201222222
What is -200201103112 (base 4) in base 6?
-502415354
What is d08e (base 16) in base 4?
31002032
Convert -40330324 (base 5) to base 7.
-2516065
What is 108337 (base 10) in base 11?
74439
a04c43 (base 15) to base 11
4328574
3655750 (base 8) to base 4
3311233220
Convert -115bba1 (base 13) to base 6.
-311011304
Convert 7634118 (base 9) to base 14.
789166
Convert 201210102110 (base 3) to base 4.
1133013123
3279a2 (base 12) to base 6
25102322
-4ab96 (base 12) to base 8
-307042
What is -1210301032 (base 4) in base 10?
-412750
1001010101001001011111 (base 2) to base 4
21111021133
Convert -12120222 (base 5) to base 7.
-652546
-3310200212 (base 4) to base 13
-290b13
111312 (base 10) to base 8
331320
-340401314 (base 5) to base 11
-932866
What is -202263 (base 14) in base 9?
-2027624
-8336cb (base 13) to base 8
-13537767
Convert -4644b0 (base 14) to base 10.
-2393706
What is -401503024 (base 6) in base 13?
-1543339
16469623 (base 10) to base 5
13204011443
Convert -10010010110101001100110 (base 2) to base 4.
-102112221212
Convert 862058 (base 9) to base 4.
1331103311
Convert 1142271 (base 8) to base 12.
130a21
2bc70 (base 13) to base 9
136365
What is -ddb9 (base 14) in base 9?
-57577
4371405 (base 10) to base 14
81b113
Convert -2306074 (base 9) to base 11.
-77aa97
1211305130 (base 6) to base 12
474b1a6
Convert 3619b4 (base 12) to base 9.
1572001
-114451 (base 6) to base 12
-5a27
-32114531 (base 6) to base 8
-3462227
-585413 (base 9) to base 8
-1256742
Convert 2a4753 (base 15) to base 14.
3b16d3
What is -10200001040 (base 5) in base 9?
-21754711
What is 3620848 (base 9) in base 11?
1120449
4504311 (base 6) to base 14
5c775
Convert 42255346 (base 8) to base 16.
895ae6
578c9 (base 16) to base 7
3022325
Convert -34444333 (base 5) to base 2.
-1001100010010010100
-101211023 (base 4) to base 13
-26a14
Convert -424600 (base 7) to base 10.
-73696
35a87 (base 14) to base 3
20122202121
Convert -11020211220001 (base 3) to base 10.
-2260549
What is 110001111011011101000 (base 2) in base 6?
55022224
-885b1b (base 14) to base 6
-243051501
-38995 (base 16) to base 8
-704625
What is 317236 (base 8) in base 6?
2135222
26a59 (base 14) to base 10
95335
What is -530250 (base 12) in base 10?
-1306716
What is -100101110010111110111 (base 2) in base 5?
-304113034
Convert 2741140 (base 11) to base 4.
102002322223
What is -99024 (base 10) in base 11?
-68442
-734328 (base 16) to base 12
-2643520
Convert 2012135 (base 8) to base 2.
10000001010001011101
Convert 3b4844 (base 12) to base 9.
1757017
Convert 11001000000111110 (base 2) to base 6.
2110210
Convert 10100110110100001100 (base 2) to base 13.
1ac009
221120101202 (base 3) to base 9
846352
Convert 32414214 (base 6) to base 14.
1b22d4
What is 5107246 (base 8) in base 5?
321102423
-792864 (base 10) to base 12
-322a00
-1554ba4 (base 12) to base 16
-4242ac
4502b (base 14) to base 2
101000110111111111
What is -1b2ad (base 15) in base 14?
-242b9
-519388 (base 13) to base 12
-77a80a
Convert 49138 (base 14) to base 5.
21203411
1243320 (base 7) to base 3
22020022010
198ec (base 15) to base 12
40066
-4204502 (base 6) to base 5
-23000342
Convert -6299553 (base 11) to base 5.
-10320032004
What is -522a5 (base 15) in base 10?
-260480
5c51b (base 14) to base 5
24213023
Convert -62816 (base 11) to base 13.
-3284c
198752 (base 11) to base 3
120110112001
What is -4591910 (base 10) in base 8?
-21410446
Convert -7e35f (base 16) to base 2.
-1111110001101011111
What is 10220410 (base 7) in base 8?
3223722
244537 (base 8) to base 13
2c4c1
-1f666 (base 16) to base 10
-128614
What is 2041400 (base 6) in base 14?
28052
What is 1b33c (base 14) in base 9?
114875
What is -1000001111011110010 (base 2) in base 11?
-1749a5
3330101123 (base 4) to base 6
34051455
What is 1029527 (base 11) in base 16?
1babd0
Convert 10110001110101100111000 (base 2) to base 8.
26165470
Convert 831503 (base 9) to base 4.
1320122130
Convert 633a4 (base 14) to base 10.
239460
What is -400964 (base 12) in base 11?
-620921
What is 5c3658 (base 13) in base 12?
8a5163
Convert 9074c (base 15) to base 9.
766230
-7b887 (base 14) to base 6
-10240303
Convert -1122212102202 (base 3) to base 4.
-3113213000
Convert -4c7350 (base 13) to base 11.
-104a352
What is -1000101111020 (base 3) in base 16?
-839d0
Convert -461207 (base 8) to base 11.
-a7477
What is -15a08a (base 14) in base 5?
-143214331
Convert -5181307 (base 9) to base 11.
-1621a29
Convert -4924868 (base 11) to base 15.
-b449d6
-1002012201202112 (base 3) to base 8
-73161401
What is -391ba2 (base 15) in base 12?
-b01608
Convert 111032013 (base 4) to base 7.
511260
-47354b (base 16) to base 8
-21632513
What is 2111102332 (base 4) in base 11?
388496
Convert 110101110010101010 (base 2) to base 16.
35caa
Convert -183c3 (base 14) to base 11.
-41a20
67a8b (base 12) to base 10
138059
What is 1405521 (base 7) in base 16?
2d9e4
What is -296926 (base 10) in base 5?
-34000201
What is 121033220 (base 5) in base 2?
10001001111001001010
Convert -527500 (base 8) to base 15.
-371e1
What is 1341441302 (base 5) in base 11?
1a59895
Convert -90518 (base 12) to base 11.
-118851
What is 40559a (base 14) in base 13?
5aac47
2242070 (base 9) to base 6
41524013
What is 78450b (base 14) in base 15?
55a15d
Convert -16428 (base 16) to base 5.
-10404201
-10c48 (base 14) to base 7
-230021
-1602353 (base 7) to base 3
-102010220112
-1000002001 (base 3) to base 2
-100110100011010
-5200333 (base 8) to base 5
-323021400
47a211 (base 12) to base 15
17d1e1
-61255730 (base 8) to base 15
-12074d9
What is 1841b4 (base 13) in base 3?
1010221020022
32322112 (base 4) to base 16
ee96
19b5c (base 15) to base 16
1466a
Convert -30022221 (base 6) to base 12.
-347971
-1a23c4b (base 14) to base 4
-301210222323
What is 2002258 (base 9) in base 7?
12022442
10001110001011011101011 (base 2) to base 13
c71779
Convert 2e90a (base 16) to base 10.
190730
Convert 102754a (base 11) to base 15.
25b814
-2515053 (base 11) to base 12
-1568943
-68b724 (base 15) to base 10
-4999984
23341442 (base 7) to base 11
11881a8
What is 2473 (base 9) in base 15?
833
What is -172667 (base 10) in base 5?
-21011132
Convert -40213442 (base 6) to base 13.
-30a931
What is 961aa (base 11) in base 15?
2b731
Convert 122102 (base 10) to base 15.
262a2
What is 22dd7c (base 14) in base 9?
2214432
Convert -15b2f